?
3, 271, 29423
What are the prime factors of 110863261?
110863261
What are the prime factors of 169807820?
2, 5, 7, 13, 7177
List the prime factors of 1442349347.
163, 8848769
List the prime factors of 4459941670.
2, 5, 17, 397, 66083
List the prime factors of 1508344816.
2, 11, 797, 10753
List the prime factors of 3271657531.
17, 157, 461, 2659
What are the prime factors of 99260517?
3, 227, 145757
List the prime factors of 228777763.
199, 1149637
What are the prime factors of 11756364?
2, 3, 19, 51563
What are the prime factors of 225242903?
401, 561703
What are the prime factors of 1205447413?
61, 157, 191, 659
List the prime factors of 46400364.
2, 3, 47737
What are the prime factors of 246545817?
3, 7, 11740277
What are the prime factors of 678079273?
7151, 94823
What are the prime factors of 178324201?
11, 37, 438143
List the prime factors of 668308720.
2, 5, 8353859
What are the prime factors of 552794849?
107, 1709, 3023
What are the prime factors of 62076962?
2, 17, 523, 3491
List the prime factors of 10419172.
2, 643, 4051
List the prime factors of 76159760.
2, 5, 951997
List the prime factors of 330217745.
5, 11, 13, 461843
What are the prime factors of 50738957?
2531, 20047
List the prime factors of 19848496.
2, 821, 1511
List the prime factors of 2804794131.
3, 29, 113, 285301
List the prime factors of 17329532.
2, 11, 393853
List the prime factors of 6325362515.
5, 163, 7761181
What are the prime factors of 1298631258?
2, 3, 17, 1414631
What are the prime factors of 136828853?
7, 179, 109201
List the prime factors of 298563870.
2, 3, 5, 11, 233, 353
What are the prime factors of 39102969?
3, 19, 37, 18541
List the prime factors of 1924602602.
2, 13, 23, 3218399
What are the prime factors of 96695670?
2, 3, 5, 3223189
List the prime factors of 9714068.
2, 7, 13, 26687
List the prime factors of 540265996.
2, 135066499
What are the prime factors of 112702779?
3, 7, 107, 5573
List the prime factors of 2143368375.
3, 5, 37, 179, 863
What are the prime factors of 1288730841?
3, 19, 22609313
List the prime factors of 49597306.
2, 11, 79, 28537
What are the prime factors of 1230353510?
2, 5, 173, 711187
What are the prime factors of 32960556?
2, 3, 41, 137, 163
What are the prime factors of 70166762?
2, 35083381
List the prime factors of 6812864.
2, 106451
List the prime factors of 9931815.
3, 5, 137, 179
List the prime factors of 25918631.
23, 1126897
List the prime factors of 4377063.
3, 37, 47, 839
What are the prime factors of 7868316768?
2, 3, 13, 6304741
List the prime factors of 2299108794.
2, 3, 19, 71, 284051
List the prime factors of 192764682.
2, 3, 11, 29, 59, 569
What are the prime factors of 42436391?
677, 62683
What are the prime factors of 2184952004?
2, 546238001
List the prime factors of 344394793.
41, 8399873
List the prime factors of 27984416.
2, 19, 46027
List the prime factors of 144222.
2, 3, 13, 43
What are the prime factors of 38170716?
2, 3, 3180893
List the prime factors of 303999899.
7, 17, 2554621
What are the prime factors of 1275120959?
7, 182160137
List the prime factors of 329938310.
2, 5, 13, 2537987
List the prime factors of 2786803531.
2786803531
What are the prime factors of 86224528?
2, 13, 257, 1613
List the prime factors of 1528147423.
11, 138922493
What are the prime factors of 4279939633?
97, 3881, 11369
List the prime factors of 73574470.
2, 5, 17, 23, 31, 607
What are the prime factors of 165387976?
2, 13, 31, 43, 1193
List the prime factors of 312567407.
312567407
List the prime factors of 35660803.
43, 193, 4297
What are the prime factors of 30106362?
2, 3, 11, 13, 35089
What are the prime factors of 60220531?
7, 8602933
What are the prime factors of 190038395?
5, 38007679
List the prime factors of 39302905.
5, 7860581
List the prime factors of 3663076551.
3, 647, 1887211
What are the prime factors of 61431659?
17, 113, 283
List the prime factors of 1596270047.
19, 84014213
List the prime factors of 57700045.
5, 13, 887693
What are the prime factors of 219031789?
239, 916451
List the prime factors of 314461034.
2, 557, 282281
List the prime factors of 1208107215.
3, 5, 7, 3835261
What are the prime factors of 86646508?
2, 13, 1666279
List the prime factors of 6377750511.
3, 11, 193265167
List the prime factors of 86187970.
2, 5, 11, 783527
List the prime factors of 7365957031.
19, 387681949
What are the prime factors of 17727732?
2, 3, 11, 89, 503
List the prime factors of 603198258.
2, 3, 13, 7733311
What are the prime factors of 9258511563?
3, 7, 23, 167, 38261
List the prime factors of 51959658.
2, 3, 31, 279353
List the prime factors of 2341899440.
2, 5, 29273743
What are the prime factors of 112418036?
2, 29, 89, 10889
List the prime factors of 1139888965.
5, 7867, 28979
What are the prime factors of 10029404?
2, 7, 11, 32563
What are the prime factors of 135435810?
2, 3, 5, 43, 67, 1567
List the prime factors of 26723347.
7, 3817621
List the prime factors of 512281202.
2, 6197, 41333
What are the prime factors of 482721578?
2, 5323, 45343
List the prime factors of 5826534588.
2, 3, 7, 211, 109579
What are the prime factors of 241964387?
7, 101, 342241
List the prime factors of 625634419.
53, 11804423
What are the prime factors of 1885379003?
79, 1607, 14851
List the prime factors of 140167591.
140167591
What are the prime factors of 3784631315?
5, 756926263
List the prime factors of 304322575.
5, 12172903
List the prime factors of 4225853476.
2, 13, 719, 113027
List the prime factors of 155296824.
2, 3, 6470701
List the prime factors of 87005354.
2, 17, 1297, 1973
What are the prime factors of 63058166?
2, 4621, 6823
What are the prime factors of 5962745879?
97, 107, 574501
List the prime factors of 189301957.
13, 14561689
What are the prime factors of 147911362?
2, 2447, 30223
List the prime factors of 1873885109.
439, 4268531
What are the prime factors of 33568922?
2, 3847, 4363
What are the prime factors of 2645047142?
2, 1322523571
List the prime factors of 50850141.
3, 179, 94693
What are the prime factors of 64672824?
2, 3, 761, 3541
List the prime factors of 69030169.
13, 47, 112979
What are the prime factors of 4564616302?
2, 59, 1787, 21647
List the prime factors of 161719846.
2, 80859923
List the prime factors of 37167515.
5, 7, 11, 19, 5081
List the prime factors of 4779276.
2, 3, 398273
What are the prime factors of 39149060?
2, 5, 1957453
List the prime factors of 55615928.
2, 6951991
List the prime factors of 13863050.
2, 5, 277261
List the prime factors of 2830974918.
2, 3, 23, 43, 477077
What are the prime factors of 36766877?
7, 5252411
What are the prime factors of 1903463951?
47, 40499233
What are the prime factors of 28316951?
13, 17, 37, 3463
List the prime factors of 125736920.
2, 5, 101, 31123
List the prime factors of 22253930.
2, 5, 2225393
List the prime factors of 69075472.
2, 193, 22369
List the prime factors of 12798528.
2, 3, 191, 349
List the prime factors of 71729587.
6007, 11941
What are the prime factors of 560802257?
59, 9505123
What are the prime factors of 216385912?
2, 271, 99809
What are the prime factors of 603003677?
603003677
What are the prime factors of 3135812035?
5, 47, 13343881
List the prime factors of 497865651.
3, 165955217
List the prime factors of 67406393.
103, 127, 5153
List the prime factors of 191347612.
2, 47836903
List the prime factors of 15651090.
2, 3, 5, 7, 13
What are the prime factors of 6282863815?
5, 30781, 40823
List the prime factors of 5098995464.
2, 1453, 438661
List the prime factors of 3086870185.
5, 7, 88196291
List the prime factors of 1979856576.
2, 3, 47, 73133
List the prime factors of 2449111.
7, 181, 1933
What are the prime factors of 645641185?
5, 7, 19, 31, 31319
What are the prime factors of 1331675838?
2, 3, 19, 277, 14057
What are the prime factors of 1086803654?
2, 47, 11561741
What are the prime factors of 1224693565?
5, 2671, 91703
List the prime factors of 1477413130.
2, 5, 1289, 114617
What are the prime factors of 494982427?
47, 883, 11927
What are the prime factors of 1165667046?
2, 3, 194277841
What are the prime factors of 1452735157?
34919, 41603
List the prime factors of 7577319.
3, 83, 30431
What are the prime factors of 1099795562?
2, 41, 1213, 11057
List the prime factors of 600900398